{"id":147,"date":"2024-09-14T12:05:15","date_gmt":"2024-09-14T10:05:15","guid":{"rendered":"https:\/\/djxsolutions.com\/?page_id=147"},"modified":"2024-09-16T14:03:25","modified_gmt":"2024-09-16T12:03:25","slug":"conseil","status":"publish","type":"page","link":"https:\/\/djxsolutions.com\/index.php\/conseil\/","title":{"rendered":"Conseil"},"content":{"rendered":"\n<div class=\"wp-block-columns is-layout-flex wp-container-core-columns-is-layout-28f84493 wp-block-columns-is-layout-flex\">\n<div class=\"wp-block-column is-layout-flow wp-block-column-is-layout-flow\">\n<p><em>Strat\u00e9gie :<\/em><\/p>\n\n\n\n<p>C&#8217;est en se posant les bonnes questions que l&#8217;on emprunte les bons chemins. Pourquoi ? Comment ? Quoi ? sont les premiers pas du chemin. R\u00e9pondons ensemble \u00e0 ces questions pour votre entreprise afin de d\u00e9finir une strat\u00e9gie claire, durable et pertinente pour entrainer l&#8217;adh\u00e9sion, de vos clients, collaborateurs et partenaires.<\/p>\n<\/div>\n\n\n\n<div class=\"wp-block-column is-layout-flow wp-block-column-is-layout-flow\">\n<p><em>Organisation :<\/em><\/p>\n\n\n\n<p>L&#8217;ensemble est plus que la somme des \u00e9l\u00e9ments qui le constituent. C&#8217;est la performance de l&#8217;organisation qui permet de faire &#8220;1 + 1 = 3&#8221; ! En misant sur les particularit\u00e9s de chaque collaborateur, nous les aidons \u00e0 r\u00e9v\u00e9ler leur potentiel au sein de votre organisation. Il s&#8217;agit l\u00e0 d&#8217;un enjeu majeur pour pouvoir garder les talents.<\/p>\n<\/div>\n\n\n\n<div class=\"wp-block-column is-layout-flow wp-block-column-is-layout-flow\">\n<p><em>Positionnement produit :<\/em><\/p>\n\n\n\n<p>Un produit se vend s&#8217;il r\u00e9pond \u00e0 un besoin. Cette \u00e9vidence peut \u00eatre perdue de vue si on reste la t\u00eate dans le guidon en phase de d\u00e9veloppement. D\u00e9finissions le MVP (Minimal Viable Product) et prototypons l&#8217;ensemble en cycle ultra court afin de lever au plus vite les in\u00e9vitables freins.<\/p>\n<\/div>\n<\/div>\n\n\n\n<p><\/p>\n","protected":false},"excerpt":{"rendered":"<p>Strat\u00e9gie : C&#8217;est en se posant les bonnes questions que l&#8217;on emprunte les bons chemins. Pourquoi ? Comment ? Quoi ? sont les premiers pas du chemin. R\u00e9pondons ensemble \u00e0 ces questions pour votre entreprise afin de d\u00e9finir une strat\u00e9gie claire, durable et pertinente pour entrainer l&#8217;adh\u00e9sion, de vos clients, collaborateurs et partenaires. Organisation : [&hellip;]<\/p>\n","protected":false},"author":1,"featured_media":0,"parent":0,"menu_order":0,"comment_status":"closed","ping_status":"closed","template":"","meta":{"om_disable_all_campaigns":false,"_monsterinsights_skip_tracking":false,"_monsterinsights_sitenote_active":false,"_monsterinsights_sitenote_note":"","_monsterinsights_sitenote_category":0,"footnotes":""},"class_list":["post-147","page","type-page","status-publish","hentry"],"blocksy_meta":[],"aioseo_notices":[],"_links":{"self":[{"href":"https:\/\/djxsolutions.com\/index.php\/wp-json\/wp\/v2\/pages\/147","targetHints":{"allow":["GET"]}}],"collection":[{"href":"https:\/\/djxsolutions.com\/index.php\/wp-json\/wp\/v2\/pages"}],"about":[{"href":"https:\/\/djxsolutions.com\/index.php\/wp-json\/wp\/v2\/types\/page"}],"author":[{"embeddable":true,"href":"https:\/\/djxsolutions.com\/index.php\/wp-json\/wp\/v2\/users\/1"}],"replies":[{"embeddable":true,"href":"https:\/\/djxsolutions.com\/index.php\/wp-json\/wp\/v2\/comments?post=147"}],"version-history":[{"count":10,"href":"https:\/\/djxsolutions.com\/index.php\/wp-json\/wp\/v2\/pages\/147\/revisions"}],"predecessor-version":[{"id":261,"href":"https:\/\/djxsolutions.com\/index.php\/wp-json\/wp\/v2\/pages\/147\/revisions\/261"}],"wp:attachment":[{"href":"https:\/\/djxsolutions.com\/index.php\/wp-json\/wp\/v2\/media?parent=147"}],"curies":[{"name":"wp","href":"https:\/\/api.w.org\/{rel}","templated":true}]}}