{"id":152,"date":"2024-09-14T12:06:00","date_gmt":"2024-09-14T10:06:00","guid":{"rendered":"https:\/\/djxsolutions.com\/?page_id=152"},"modified":"2024-09-16T14:04:51","modified_gmt":"2024-09-16T12:04:51","slug":"process-et-industrialisation","status":"publish","type":"page","link":"https:\/\/djxsolutions.com\/index.php\/process-et-industrialisation\/","title":{"rendered":"Process et industrialisation"},"content":{"rendered":"\n<div class=\"wp-block-columns is-layout-flex wp-container-core-columns-is-layout-28f84493 wp-block-columns-is-layout-flex\">\n<div class=\"wp-block-column is-layout-flow wp-block-column-is-layout-flow\">\n<p><em>Audit performance : <\/em><\/p>\n\n\n\n<p>Un regard externe apporte souvent des cl\u00e9s pour am\u00e9liorer sa performance. Par une approche pragmatique de terrain au plus pr\u00e8s des op\u00e9rationnels qui sont les cr\u00e9ateurs de valeurs, nous vous aidons \u00e0 f\u00e9d\u00e9rer vos \u00e9quipes vers une culture de l&#8217;excellence op\u00e9rationnelle.<\/p>\n<\/div>\n\n\n\n<div class=\"wp-block-column is-layout-flow wp-block-column-is-layout-flow\">\n<p><em>Refonte ou optimisation du processus : <\/em><\/p>\n\n\n\n<p>Avec une solide exp\u00e9rience d\u2019ing\u00e9nierie m\u00e9thode et des processus dans l&#8217;industrie, nous identifions les MUDAs (gaspillages en Lean Manufacturing) afin de maximiser la cr\u00e9ation de valeur avec les ressources disponibles. Bien souvent, les am\u00e9liorations les plus porteuses sont les plus simples (management visuel, petit outillage que nous pouvons prototyper nous m\u00eame&#8230;)<\/p>\n<\/div>\n\n\n\n<div class=\"wp-block-column is-layout-flow wp-block-column-is-layout-flow\">\n<p><em>Management de projet : <\/em><\/p>\n\n\n\n<p>Identifier des am\u00e9liorations et fournir un rapport, c&#8217;est bien, mais ce dernier n&#8217;a pas \u00e0 vocation \u00e0 rester dans un tiroir faute de temps pour sa mise en \u0153uvre. Nous accompagnons nos clients sur le terrain en portant les actions nous m\u00eame, quitte \u00e0 concevoir et piloter la fabrication des outils n\u00e9cessaires.<\/p>\n<\/div>\n<\/div>\n\n\n\n<p><\/p>\n","protected":false},"excerpt":{"rendered":"<p>Audit performance : Un regard externe apporte souvent des cl\u00e9s pour am\u00e9liorer sa performance. Par une approche pragmatique de terrain au plus pr\u00e8s des op\u00e9rationnels qui sont les cr\u00e9ateurs de valeurs, nous vous aidons \u00e0 f\u00e9d\u00e9rer vos \u00e9quipes vers une culture de l&#8217;excellence op\u00e9rationnelle. Refonte ou optimisation du processus : Avec une solide exp\u00e9rience d\u2019ing\u00e9nierie [&hellip;]<\/p>\n","protected":false},"author":1,"featured_media":0,"parent":0,"menu_order":0,"comment_status":"closed","ping_status":"closed","template":"","meta":{"om_disable_all_campaigns":false,"_monsterinsights_skip_tracking":false,"_monsterinsights_sitenote_active":false,"_monsterinsights_sitenote_note":"","_monsterinsights_sitenote_category":0,"footnotes":""},"class_list":["post-152","page","type-page","status-publish","hentry"],"blocksy_meta":[],"aioseo_notices":[],"_links":{"self":[{"href":"https:\/\/djxsolutions.com\/index.php\/wp-json\/wp\/v2\/pages\/152","targetHints":{"allow":["GET"]}}],"collection":[{"href":"https:\/\/djxsolutions.com\/index.php\/wp-json\/wp\/v2\/pages"}],"about":[{"href":"https:\/\/djxsolutions.com\/index.php\/wp-json\/wp\/v2\/types\/page"}],"author":[{"embeddable":true,"href":"https:\/\/djxsolutions.com\/index.php\/wp-json\/wp\/v2\/users\/1"}],"replies":[{"embeddable":true,"href":"https:\/\/djxsolutions.com\/index.php\/wp-json\/wp\/v2\/comments?post=152"}],"version-history":[{"count":5,"href":"https:\/\/djxsolutions.com\/index.php\/wp-json\/wp\/v2\/pages\/152\/revisions"}],"predecessor-version":[{"id":262,"href":"https:\/\/djxsolutions.com\/index.php\/wp-json\/wp\/v2\/pages\/152\/revisions\/262"}],"wp:attachment":[{"href":"https:\/\/djxsolutions.com\/index.php\/wp-json\/wp\/v2\/media?parent=152"}],"curies":[{"name":"wp","href":"https:\/\/api.w.org\/{rel}","templated":true}]}}