{"id":157,"date":"2024-09-14T12:08:07","date_gmt":"2024-09-14T10:08:07","guid":{"rendered":"https:\/\/djxsolutions.com\/?page_id=157"},"modified":"2024-09-16T13:01:20","modified_gmt":"2024-09-16T11:01:20","slug":"qui-sommes-nous","status":"publish","type":"page","link":"https:\/\/djxsolutions.com\/index.php\/qui-sommes-nous\/","title":{"rendered":"Qui sommes nous ?"},"content":{"rendered":"\n<div class=\"wp-block-columns is-layout-flex wp-container-core-columns-is-layout-28f84493 wp-block-columns-is-layout-flex\">\n<div class=\"wp-block-column is-layout-flow wp-block-column-is-layout-flow\">\n<p>Formation : <\/p>\n\n\n\n<p>Ing\u00e9nieur de formation apr\u00e8s classes pr\u00e9paratoires, avec une soif d&#8217;apprendre permanente parce que ce monde \u00e9volue et il faut s&#8217;adapter en permanence !<\/p>\n<\/div>\n\n\n\n<div class=\"wp-block-column is-layout-flow wp-block-column-is-layout-flow\">\n<p>Exp\u00e9rience professionnelle : <\/p>\n\n\n\n<p>Plus de 20 ans d&#8217;exp\u00e9rience dans l&#8217;industrie, principalement dans l&#8217;a\u00e9ronautique (Ing\u00e9nieur production\/m\u00e9thode, commercial, support client, chef de projet, responsable achats et logistique, entrepreneur&#8230;)<\/p>\n<\/div>\n\n\n\n<div class=\"wp-block-column is-layout-flow wp-block-column-is-layout-flow\">\n<p>Une posture orient\u00e9e terrain : <\/p>\n\n\n\n<p>Mod\u00e9lisme depuis plus de 30 ans, n&#8217;h\u00e9sitant pas \u00e0 mettre les mains dans la technologie. Membre du RFFLabs (R\u00e9seau Fran\u00e7ais des Fablabs), notre atelier comporte plusieurs imprimantes 3D FDM et SLA, ainsi que des milliers de composants qui n&#8217;attendent que vos id\u00e9es !<\/p>\n\n\n\n<p><a href=\"https:\/\/djxsolutions.com\/index.php\/prototypage\/\" target=\"_blank\" rel=\"noopener\" title=\"\">Consultez nos r\u00e9alisations&#8230;<\/a><\/p>\n<\/div>\n<\/div>\n\n\n\n<p><\/p>\n","protected":false},"excerpt":{"rendered":"<p>Formation : Ing\u00e9nieur de formation apr\u00e8s classes pr\u00e9paratoires, avec une soif d&#8217;apprendre permanente parce que ce monde \u00e9volue et il faut s&#8217;adapter en permanence ! Exp\u00e9rience professionnelle : Plus de 20 ans d&#8217;exp\u00e9rience dans l&#8217;industrie, principalement dans l&#8217;a\u00e9ronautique (Ing\u00e9nieur production\/m\u00e9thode, commercial, support client, chef de projet, responsable achats et logistique, entrepreneur&#8230;) Une posture orient\u00e9e terrain [&hellip;]<\/p>\n","protected":false},"author":1,"featured_media":0,"parent":0,"menu_order":0,"comment_status":"closed","ping_status":"closed","template":"","meta":{"om_disable_all_campaigns":false,"_monsterinsights_skip_tracking":false,"_monsterinsights_sitenote_active":false,"_monsterinsights_sitenote_note":"","_monsterinsights_sitenote_category":0,"footnotes":""},"class_list":["post-157","page","type-page","status-publish","hentry"],"blocksy_meta":[],"aioseo_notices":[],"_links":{"self":[{"href":"https:\/\/djxsolutions.com\/index.php\/wp-json\/wp\/v2\/pages\/157","targetHints":{"allow":["GET"]}}],"collection":[{"href":"https:\/\/djxsolutions.com\/index.php\/wp-json\/wp\/v2\/pages"}],"about":[{"href":"https:\/\/djxsolutions.com\/index.php\/wp-json\/wp\/v2\/types\/page"}],"author":[{"embeddable":true,"href":"https:\/\/djxsolutions.com\/index.php\/wp-json\/wp\/v2\/users\/1"}],"replies":[{"embeddable":true,"href":"https:\/\/djxsolutions.com\/index.php\/wp-json\/wp\/v2\/comments?post=157"}],"version-history":[{"count":3,"href":"https:\/\/djxsolutions.com\/index.php\/wp-json\/wp\/v2\/pages\/157\/revisions"}],"predecessor-version":[{"id":257,"href":"https:\/\/djxsolutions.com\/index.php\/wp-json\/wp\/v2\/pages\/157\/revisions\/257"}],"wp:attachment":[{"href":"https:\/\/djxsolutions.com\/index.php\/wp-json\/wp\/v2\/media?parent=157"}],"curies":[{"name":"wp","href":"https:\/\/api.w.org\/{rel}","templated":true}]}}